{"id":819,"date":"2021-08-27T12:35:02","date_gmt":"2021-08-27T10:35:02","guid":{"rendered":"http:\/\/funparkpaintball.pl\/?page_id=819"},"modified":"2022-07-12T09:38:13","modified_gmt":"2022-07-12T07:38:13","slug":"dla-dzieci-2","status":"publish","type":"page","link":"https:\/\/funparkpaintball.pl\/?page_id=819","title":{"rendered":"Oferta"},"content":{"rendered":"\t\t<div data-elementor-type=\"wp-page\" data-elementor-id=\"819\" class=\"elementor elementor-819\" data-elementor-settings=\"[]\">\n\t\t\t\t\t\t\t<div class=\"elementor-section-wrap\">\n\t\t\t\t\t\t\t<section class=\"elementor-section elementor-top-section elementor-element elementor-element-12f5d0dc elementor-section-boxed elementor-section-height-default elementor-section-height-default\" data-id=\"12f5d0dc\" data-element_type=\"section\" data-settings=\"{&quot;background_background&quot;:&quot;classic&quot;}\">\n\t\t\t\t\t\t<div class=\"elementor-container elementor-column-gap-default\">\n\t\t\t\t\t<div class=\"elementor-column elementor-col-100 elementor-top-column elementor-element elementor-element-67ed9cc2\" data-id=\"67ed9cc2\" data-element_type=\"column\">\n\t\t\t<div class=\"elementor-widget-wrap elementor-element-populated\">\n\t\t\t\t\t\t\t\t<div class=\"elementor-element elementor-element-226f33c5 elementor-widget elementor-widget-spacer\" data-id=\"226f33c5\" data-element_type=\"widget\" data-widget_type=\"spacer.default\">\n\t\t\t\t<div class=\"elementor-widget-container\">\n\t\t\t\t\t<div class=\"elementor-spacer\">\n\t\t\t<div class=\"elementor-spacer-inner\"><\/div>\n\t\t<\/div>\n\t\t\t\t<\/div>\n\t\t\t\t<\/div>\n\t\t\t\t<div class=\"elementor-element elementor-element-03aa6fc elementor-widget elementor-widget-image\" data-id=\"03aa6fc\" data-element_type=\"widget\" data-widget_type=\"image.default\">\n\t\t\t\t<div class=\"elementor-widget-container\">\n\t\t\t\t\t\t\t\t\t\t\t\t\t\t\t<img loading=\"lazy\" decoding=\"async\" width=\"812\" height=\"457\" src=\"https:\/\/funparkpaintball.pl\/wp-content\/uploads\/2021\/08\/2-2-scaled-1-1024x576.jpg\" class=\"attachment-large size-large\" alt=\"\" \/>\t\t\t\t\t\t\t\t\t\t\t\t\t\t\t<\/div>\n\t\t\t\t<\/div>\n\t\t\t\t<div class=\"elementor-element elementor-element-16ad65aa elementor-widget elementor-widget-text-editor\" data-id=\"16ad65aa\" data-element_type=\"widget\" data-widget_type=\"text-editor.default\">\n\t\t\t\t<div class=\"elementor-widget-container\">\n\t\t\t\t\t\t\t<h6>\u00a0<\/h6><h6 style=\"text-align: center;\"><strong><span class=\"d2edcug0 hpfvmrgz qv66sw1b c1et5uql lr9zc1uh a8c37x1j keod5gw0 nxhoafnm aigsh9s9 d3f4x2em fe6kdd0r mau55g9w c8b282yb iv3no6db jq4qci2q a3bd9o3v knj5qynh oo9gr5id hzawbc8m\" dir=\"auto\"><span class=\"d2edcug0 hpfvmrgz qv66sw1b c1et5uql lr9zc1uh jq4qci2q a3bd9o3v knj5qynh oo9gr5id hzawbc8m\"><span style=\"color: #ffffff;\">Do dyspozycji dwa pola pe\u0142ne przeszk\u00f3d i okop\u00f3w, na kt\u00f3rych mog\u0105 toczy\u0107 si\u0119 niezale\u017cne rozgrywki oraz zabezpieczon\u0105 altan\u0119 wraz z grillem.<\/span> <\/span><\/span><\/strong><\/h6><h3><strong><span style=\"color: #309630;\">Imprezy integracyjne dla firm<\/span><\/strong><\/h3><p>Nie wiesz jak sp\u0119dzi\u0107 wolny czas z pracownikami i przyjaci\u00f3\u0142mi, znudzi\u0142y Ci si\u0119 zadymione puby i lokale? Skorzystaj z naszej oferty, na pewno nie po\u017ca\u0142ujesz.<\/p><p><strong>WYSTAWIAMY FAKTURY VAT.<\/strong><\/p><h3><strong><span style=\"color: #309630;\">Firma vs Firma, Dzia\u0142 vs Dzia\u0142<\/span><\/strong><\/h3><p>Chcesz dos\u0142ownie &#8220;wyci\u0105\u0107&#8221; konkurencj\u0119? Zem\u015bci\u0107 si\u0119 na dostawcy? Mo\u017ce macie porachunki mi\u0119dzy dzia\u0142ami w firmie? Rozwi\u0105\u017c t\u0119 spraw\u0119\u00a0raz, a dobrze. Wypowiedz &#8220;Kolorow\u0105 Wojn\u0119&#8221;. Specjalnie na takie okazje mamy przygotowane scenariusze, pe\u0142ne niespodzianek, zaskakuj\u0105cych zwrot\u00f3w akcji i \u015bwietnej zabawy.<br \/>Chcesz dowiedzie\u0107 si\u0119\u00a0wi\u0119cej? Zadzwo\u0144 lub napisz. Ta oferta tworzona jest INDYWIDUALNIE, konsultowana z obydwoma stronami.<\/p><h3><strong><span style=\"color: #ffffff;\"><span style=\"color: #309630;\">Wieczory kawalerskie, panie\u0144skie, urodziny i inne okazje<\/span><\/span><\/strong><\/h3><p>Na specjalne okazje specjalna oferta. Chcesz komu\u015b zrobi\u0107 niespodziank\u0119? Zafundowa\u0107\u00a0nietypowy prezent? Zorganizuj grup\u0119 do gry, a my zajmiemy si\u0119 reszt\u0105. Sprawimy, aby wybraniec d\u0142ugo pami\u0119ta\u0142 ten wyj\u0105tkowy dzie\u0144.<\/p><h3><strong><span style=\"color: #309630;\">Grupy indywidualne, osoby prywatne.<\/span><\/strong><\/h3><p>Chcesz zdrowo i weso\u0142o sp\u0119dzi\u0107 czas z przyjaci\u00f3\u0142mi? Nie ma problemu, my Ci to umo\u017cliwimy!<\/p><h3><strong><span style=\"color: #309630;\">Osoby z w\u0142asnym sprz\u0119tem<\/span><\/strong><\/h3><p>Posiadasz w\u0142asny sprz\u0119t? Nie przeszkadza nam to, mamy dla takich os\u00f3b specjaln\u0105 ofert\u0119.<\/p><p style=\"text-align: center;\">\u00a0<\/p>\t\t\t\t\t\t<\/div>\n\t\t\t\t<\/div>\n\t\t\t\t<div class=\"elementor-element elementor-element-211d985f elementor-button-success elementor-align-center elementor-widget elementor-widget-button\" data-id=\"211d985f\" data-element_type=\"widget\" data-widget_type=\"button.default\">\n\t\t\t\t<div class=\"elementor-widget-container\">\n\t\t\t\t\t<div class=\"elementor-button-wrapper\">\n\t\t\t<a href=\"http:\/\/funparkpaintball.pl\/?page_id=856\" class=\"elementor-button-link elementor-button elementor-size-lg\" role=\"button\">\n\t\t\t\t\t\t<span class=\"elementor-button-content-wrapper\">\n\t\t\t\t\t\t<span class=\"elementor-button-text\">Rezerwuj<\/span>\n\t\t<\/span>\n\t\t\t\t\t<\/a>\n\t\t<\/div>\n\t\t\t\t<\/div>\n\t\t\t\t<\/div>\n\t\t\t\t\t<\/div>\n\t\t<\/div>\n\t\t\t\t\t\t\t<\/div>\n\t\t<\/section>\n\t\t\t\t\t\t<\/div>\n\t\t\t\t\t<\/div>\n\t\t","protected":false},"excerpt":{"rendered":"<p>\u00a0 Do dyspozycji dwa pola pe\u0142ne przeszk\u00f3d i okop\u00f3w, na kt\u00f3rych mog\u0105 toczy\u0107 si\u0119 niezale\u017cne rozgrywki oraz zabezpieczon\u0105 altan\u0119 wraz z grillem. Imprezy integracyjne dla firm Nie wiesz jak sp\u0119dzi\u0107 wolny czas z pracownikami i przyjaci\u00f3\u0142mi, znudzi\u0142y Ci si\u0119 zadymione puby i lokale? Skorzystaj z naszej oferty, na pewno nie po\u017ca\u0142ujesz. WYSTAWIAMY FAKTURY VAT. Firma [&hellip;]<\/p>\n","protected":false},"author":1,"featured_media":0,"parent":0,"menu_order":0,"comment_status":"closed","ping_status":"closed","template":"page-templates\/pagebuilder.php","meta":{"footnotes":""},"class_list":["post-819","page","type-page","status-publish","hentry"],"yoast_head":"<!-- This site is optimized with the Yoast SEO plugin v17.0 - https:\/\/yoast.com\/wordpress\/plugins\/seo\/ -->\n<title>Oferta - Funparkpaintball<\/title>\n<meta name=\"robots\" content=\"index, follow, max-snippet:-1, max-image-preview:large, max-video-preview:-1\" \/>\n<link rel=\"canonical\" href=\"https:\/\/funparkpaintball.pl\/?page_id=819\" \/>\n<meta property=\"og:locale\" content=\"en_US\" \/>\n<meta property=\"og:type\" content=\"article\" \/>\n<meta property=\"og:title\" content=\"Oferta - Funparkpaintball\" \/>\n<meta property=\"og:description\" content=\"\u00a0 Do dyspozycji dwa pola pe\u0142ne przeszk\u00f3d i okop\u00f3w, na kt\u00f3rych mog\u0105 toczy\u0107 si\u0119 niezale\u017cne rozgrywki oraz zabezpieczon\u0105 altan\u0119 wraz z grillem. Imprezy integracyjne dla firm Nie wiesz jak sp\u0119dzi\u0107 wolny czas z pracownikami i przyjaci\u00f3\u0142mi, znudzi\u0142y Ci si\u0119 zadymione puby i lokale? Skorzystaj z naszej oferty, na pewno nie po\u017ca\u0142ujesz. WYSTAWIAMY FAKTURY VAT. Firma [&hellip;]\" \/>\n<meta property=\"og:url\" content=\"https:\/\/funparkpaintball.pl\/?page_id=819\" \/>\n<meta property=\"og:site_name\" content=\"Funparkpaintball\" \/>\n<meta property=\"article:modified_time\" content=\"2022-07-12T07:38:13+00:00\" \/>\n<meta property=\"og:image\" content=\"https:\/\/funparkpaintball.pl\/wp-content\/uploads\/2021\/08\/2-2-scaled-1-1024x576.jpg\" \/>\n<meta name=\"twitter:card\" content=\"summary_large_image\" \/>\n<meta name=\"twitter:label1\" content=\"Est. reading time\" \/>\n\t<meta name=\"twitter:data1\" content=\"2 minutes\" \/>\n<script type=\"application\/ld+json\" class=\"yoast-schema-graph\">{\"@context\":\"https:\/\/schema.org\",\"@graph\":[{\"@type\":\"WebSite\",\"@id\":\"https:\/\/funparkpaintball.pl\/#website\",\"url\":\"https:\/\/funparkpaintball.pl\/\",\"name\":\"Funparkpaintball\",\"description\":\"Paintball Kielce\",\"potentialAction\":[{\"@type\":\"SearchAction\",\"target\":{\"@type\":\"EntryPoint\",\"urlTemplate\":\"https:\/\/funparkpaintball.pl\/?s={search_term_string}\"},\"query-input\":\"required name=search_term_string\"}],\"inLanguage\":\"en-US\"},{\"@type\":\"ImageObject\",\"@id\":\"https:\/\/funparkpaintball.pl\/?page_id=819#primaryimage\",\"inLanguage\":\"en-US\",\"url\":\"https:\/\/funparkpaintball.pl\/wp-content\/uploads\/2021\/08\/2-2-scaled-1.jpg\",\"contentUrl\":\"https:\/\/funparkpaintball.pl\/wp-content\/uploads\/2021\/08\/2-2-scaled-1.jpg\",\"width\":2560,\"height\":1440},{\"@type\":\"WebPage\",\"@id\":\"https:\/\/funparkpaintball.pl\/?page_id=819#webpage\",\"url\":\"https:\/\/funparkpaintball.pl\/?page_id=819\",\"name\":\"Oferta - Funparkpaintball\",\"isPartOf\":{\"@id\":\"https:\/\/funparkpaintball.pl\/#website\"},\"primaryImageOfPage\":{\"@id\":\"https:\/\/funparkpaintball.pl\/?page_id=819#primaryimage\"},\"datePublished\":\"2021-08-27T10:35:02+00:00\",\"dateModified\":\"2022-07-12T07:38:13+00:00\",\"breadcrumb\":{\"@id\":\"https:\/\/funparkpaintball.pl\/?page_id=819#breadcrumb\"},\"inLanguage\":\"en-US\",\"potentialAction\":[{\"@type\":\"ReadAction\",\"target\":[\"https:\/\/funparkpaintball.pl\/?page_id=819\"]}]},{\"@type\":\"BreadcrumbList\",\"@id\":\"https:\/\/funparkpaintball.pl\/?page_id=819#breadcrumb\",\"itemListElement\":[{\"@type\":\"ListItem\",\"position\":1,\"name\":\"Home\",\"item\":\"https:\/\/funparkpaintball.pl\/\"},{\"@type\":\"ListItem\",\"position\":2,\"name\":\"Oferta\"}]}]}<\/script>\n<!-- \/ Yoast SEO plugin. -->","yoast_head_json":{"title":"Oferta - Funparkpaintball","robots":{"index":"index","follow":"follow","max-snippet":"max-snippet:-1","max-image-preview":"max-image-preview:large","max-video-preview":"max-video-preview:-1"},"canonical":"https:\/\/funparkpaintball.pl\/?page_id=819","og_locale":"en_US","og_type":"article","og_title":"Oferta - Funparkpaintball","og_description":"\u00a0 Do dyspozycji dwa pola pe\u0142ne przeszk\u00f3d i okop\u00f3w, na kt\u00f3rych mog\u0105 toczy\u0107 si\u0119 niezale\u017cne rozgrywki oraz zabezpieczon\u0105 altan\u0119 wraz z grillem. Imprezy integracyjne dla firm Nie wiesz jak sp\u0119dzi\u0107 wolny czas z pracownikami i przyjaci\u00f3\u0142mi, znudzi\u0142y Ci si\u0119 zadymione puby i lokale? Skorzystaj z naszej oferty, na pewno nie po\u017ca\u0142ujesz. WYSTAWIAMY FAKTURY VAT. Firma [&hellip;]","og_url":"https:\/\/funparkpaintball.pl\/?page_id=819","og_site_name":"Funparkpaintball","article_modified_time":"2022-07-12T07:38:13+00:00","og_image":[{"url":"https:\/\/funparkpaintball.pl\/wp-content\/uploads\/2021\/08\/2-2-scaled-1-1024x576.jpg"}],"twitter_card":"summary_large_image","twitter_misc":{"Est. reading time":"2 minutes"},"schema":{"@context":"https:\/\/schema.org","@graph":[{"@type":"WebSite","@id":"https:\/\/funparkpaintball.pl\/#website","url":"https:\/\/funparkpaintball.pl\/","name":"Funparkpaintball","description":"Paintball Kielce","potentialAction":[{"@type":"SearchAction","target":{"@type":"EntryPoint","urlTemplate":"https:\/\/funparkpaintball.pl\/?s={search_term_string}"},"query-input":"required name=search_term_string"}],"inLanguage":"en-US"},{"@type":"ImageObject","@id":"https:\/\/funparkpaintball.pl\/?page_id=819#primaryimage","inLanguage":"en-US","url":"https:\/\/funparkpaintball.pl\/wp-content\/uploads\/2021\/08\/2-2-scaled-1.jpg","contentUrl":"https:\/\/funparkpaintball.pl\/wp-content\/uploads\/2021\/08\/2-2-scaled-1.jpg","width":2560,"height":1440},{"@type":"WebPage","@id":"https:\/\/funparkpaintball.pl\/?page_id=819#webpage","url":"https:\/\/funparkpaintball.pl\/?page_id=819","name":"Oferta - Funparkpaintball","isPartOf":{"@id":"https:\/\/funparkpaintball.pl\/#website"},"primaryImageOfPage":{"@id":"https:\/\/funparkpaintball.pl\/?page_id=819#primaryimage"},"datePublished":"2021-08-27T10:35:02+00:00","dateModified":"2022-07-12T07:38:13+00:00","breadcrumb":{"@id":"https:\/\/funparkpaintball.pl\/?page_id=819#breadcrumb"},"inLanguage":"en-US","potentialAction":[{"@type":"ReadAction","target":["https:\/\/funparkpaintball.pl\/?page_id=819"]}]},{"@type":"BreadcrumbList","@id":"https:\/\/funparkpaintball.pl\/?page_id=819#breadcrumb","itemListElement":[{"@type":"ListItem","position":1,"name":"Home","item":"https:\/\/funparkpaintball.pl\/"},{"@type":"ListItem","position":2,"name":"Oferta"}]}]}},"_links":{"self":[{"href":"https:\/\/funparkpaintball.pl\/index.php?rest_route=\/wp\/v2\/pages\/819","targetHints":{"allow":["GET"]}}],"collection":[{"href":"https:\/\/funparkpaintball.pl\/index.php?rest_route=\/wp\/v2\/pages"}],"about":[{"href":"https:\/\/funparkpaintball.pl\/index.php?rest_route=\/wp\/v2\/types\/page"}],"author":[{"embeddable":true,"href":"https:\/\/funparkpaintball.pl\/index.php?rest_route=\/wp\/v2\/users\/1"}],"replies":[{"embeddable":true,"href":"https:\/\/funparkpaintball.pl\/index.php?rest_route=%2Fwp%2Fv2%2Fcomments&post=819"}],"version-history":[{"count":10,"href":"https:\/\/funparkpaintball.pl\/index.php?rest_route=\/wp\/v2\/pages\/819\/revisions"}],"predecessor-version":[{"id":913,"href":"https:\/\/funparkpaintball.pl\/index.php?rest_route=\/wp\/v2\/pages\/819\/revisions\/913"}],"wp:attachment":[{"href":"https:\/\/funparkpaintball.pl\/index.php?rest_route=%2Fwp%2Fv2%2Fmedia&parent=819"}],"curies":[{"name":"wp","href":"https:\/\/api.w.org\/{rel}","templated":true}]}}